{"id":5618,"date":"2015-04-01T13:46:07","date_gmt":"2015-04-01T13:46:07","guid":{"rendered":"http:\/\/www.shorexiceland.is\/?page_id=5618"},"modified":"2018-02-21T12:30:47","modified_gmt":"2018-02-21T12:30:47","slug":"groups","status":"publish","type":"page","link":"https:\/\/shorexiceland.is\/wordpress\/groups\/","title":{"rendered":"Groups &#038; Private Tours"},"content":{"rendered":"<p>[vc_row][vc_column][text_type_vc align=&#8221;center&#8221; size=&#8221;30px&#8221; typespeed=&#8221;50&#8243; backspeed=&#8221;700&#8243; loop=&#8221;false&#8221; before=&#8221;Want more &#8221; after=&#8221;for your group just contact us!&#8221;]<span style=\"font-size: xx-large;\">relaxment<\/span><\/p>\n<p><span style=\"font-size: xx-large;\">excitement<\/span><\/p>\n<p><span style=\"font-size: xx-large;\">luxury<\/span><\/p>\n<p><span style=\"font-size: xx-large;\">landscapes<\/span><\/p>\n<p><span style=\"font-size: xx-large;\">dining<\/span>[\/text_type_vc][\/vc_column][\/vc_row][vc_row][vc_column width=&#8221;2\/3&#8243;][vc_empty_space height=&#8221;35px&#8221;][vc_custom_heading text=&#8221;Traveling as a group?&#8221; font_container=&#8221;tag:p|font_size:25px|text_align:center|color:%231160ab&#8221; google_fonts=&#8221;font_family:Arimo%3Aregular%2Citalic%2C700%2C700italic|font_style:400%20regular%3A400%3Anormal&#8221;][vc_column_text]<\/p>\n<p style=\"text-align: center;\"><span style=\"font-size: large;\">Contact us and get a quotation for your group while in Iceland. We offer group discounts for our scheduled tours and we can create private tours for groups who wish to explore Iceland in their own privacy. We offer any size vehicles, from compact cars to supersize buses, all based on your group&#8217;s needs and we can provide guidance in most languages.<\/span><\/p>\n<p>[\/vc_column_text][vc_custom_heading text=&#8221;Examples of activities you can add to the excursion:&#8221; font_container=&#8221;tag:p|font_size:25px|text_align:center|color:%231160ab&#8221; google_fonts=&#8221;font_family:Arimo%3Aregular%2Citalic%2C700%2C700italic|font_style:400%20regular%3A400%3Anormal&#8221;][tm_carousel_father effect=&#8221;true&#8221; dot=&#8221;false&#8221; speed=&#8221;3500&#8243; id=&#8221;reykjavik&#8221;][tm_carousel_son image_id=&#8221;6317&#8243; title=&#8221;Golden Circle &#8211; Horse show at Fri\u00f0heimar&#8221;][\/tm_carousel_son][tm_carousel_son image_id=&#8221;6318&#8243; title=&#8221;Golden Circle &#8211; Launch at Geysir&#8221;][\/tm_carousel_son][tm_carousel_son image_id=&#8221;6331&#8243; title=&#8221;Golden Circle &#8211; Home meade ice cream at Efstidalur&#8221;][\/tm_carousel_son][tm_carousel_son image_id=&#8221;6333&#8243; title=&#8221;Jewels of the North &#8211; Get into the Nature Baths&#8221;][\/tm_carousel_son][tm_carousel_son image_id=&#8221;6335&#8243; title=&#8221;Jewels of the North &#8211; Have launch at restaurant Kvika&#8221;][\/tm_carousel_son][\/tm_carousel_father][\/vc_column][vc_column width=&#8221;1\/3&#8243;][vc_empty_space height=&#8221;35px&#8221;][vc_custom_heading text=&#8221;Send us a message&#8221; font_container=&#8221;tag:p|font_size:25px|text_align:center|color:%231160ab&#8221; google_fonts=&#8221;font_family:Arimo%3Aregular%2Citalic%2C700%2C700italic|font_style:400%20regular%3A400%3Anormal&#8221;]\n<div class=\"wpcf7 no-js\" id=\"wpcf7-f6307-o1\" lang=\"is-IS\" dir=\"ltr\" data-wpcf7-id=\"6307\">\n<div class=\"screen-reader-response\"><p role=\"status\" aria-live=\"polite\" aria-atomic=\"true\"><\/p> <ul><\/ul><\/div>\n<form action=\"\/wordpress\/wp-json\/wp\/v2\/pages\/5618#wpcf7-f6307-o1\" method=\"post\" class=\"wpcf7-form init\" aria-label=\"Contact form\" novalidate=\"novalidate\" data-status=\"init\">\n<fieldset class=\"hidden-fields-container\"><input type=\"hidden\" name=\"_wpcf7\" value=\"6307\" \/><input type=\"hidden\" name=\"_wpcf7_version\" value=\"6.1.5\" \/><input type=\"hidden\" name=\"_wpcf7_locale\" value=\"is_IS\" \/><input type=\"hidden\" name=\"_wpcf7_unit_tag\" value=\"wpcf7-f6307-o1\" \/><input type=\"hidden\" name=\"_wpcf7_container_post\" value=\"0\" \/><input type=\"hidden\" name=\"_wpcf7_posted_data_hash\" value=\"\" \/>\n<\/fieldset>\n<p><label> Your Name (required)<br \/>\n<span class=\"wpcf7-form-control-wrap\" data-name=\"your-name\"><input size=\"40\" maxlength=\"400\" class=\"wpcf7-form-control wpcf7-text wpcf7-validates-as-required\" aria-required=\"true\" aria-invalid=\"false\" value=\"\" type=\"text\" name=\"your-name\" \/><\/span> <\/label>\n<\/p>\n<p><label> Your Email (required)<br \/>\n<span class=\"wpcf7-form-control-wrap\" data-name=\"your-email\"><input size=\"40\" maxlength=\"400\" class=\"wpcf7-form-control wpcf7-email wpcf7-validates-as-required wpcf7-text wpcf7-validates-as-email\" aria-required=\"true\" aria-invalid=\"false\" value=\"\" type=\"email\" name=\"your-email\" \/><\/span> <\/label>\n<\/p>\n<p><label> Subject<br \/>\n<span class=\"wpcf7-form-control-wrap\" data-name=\"your-subject\"><input size=\"40\" maxlength=\"400\" class=\"wpcf7-form-control wpcf7-text\" aria-invalid=\"false\" value=\"\" type=\"text\" name=\"your-subject\" \/><\/span> <\/label>\n<\/p>\n<p><label> Your Message<br \/>\n<span class=\"wpcf7-form-control-wrap\" data-name=\"your-message\"><textarea cols=\"40\" rows=\"10\" maxlength=\"2000\" class=\"wpcf7-form-control wpcf7-textarea\" aria-invalid=\"false\" name=\"your-message\"><\/textarea><\/span> <\/label>\n<\/p>\n<p><input class=\"wpcf7-form-control wpcf7-submit has-spinner\" type=\"submit\" value=\"Send\" \/>\n<\/p><div class=\"wpcf7-response-output\" aria-hidden=\"true\"><\/div>\n<\/form>\n<\/div>\n[\/vc_column][\/vc_row][vc_row][vc_column][vc_separator style=&#8221;dashed&#8221; border_width=&#8221;2&#8243;][vc_custom_heading text=&#8221;Few examples of excursions we can arrange for groups:&#8221; font_container=&#8221;tag:p|font_size:25px|text_align:center&#8221; google_fonts=&#8221;font_family:Arimo%3Aregular%2Citalic%2C700%2C700italic|font_style:400%20regular%3A400%3Anormal&#8221;][\/vc_column][\/vc_row][vc_row][vc_column][vc_empty_space height=&#8221;20px&#8221;][vc_custom_heading text=&#8221;In Reykjav\u00edk:&#8221; font_container=&#8221;tag:p|font_size:20px|text_align:center|color:%231160ab&#8221; google_fonts=&#8221;font_family:Arimo%3Aregular%2Citalic%2C700%2C700italic|font_style:400%20regular%3A400%3Anormal&#8221;][vc_empty_space height=&#8221;10px&#8221;][\/vc_column][vc_column width=&#8221;1\/4&#8243;][vc_hoverbox image=&#8221;6346&#8243; primary_title=&#8221;&#8221; hover_title=&#8221;Whale Watching&#8221;]Located close to the city center are the departure location for the Whale Watching. You can often get them combined with other tours to use your time the best.[\/vc_hoverbox][\/vc_column][vc_column width=&#8221;1\/4&#8243;][vc_hoverbox image=&#8221;6353&#8243; primary_title=&#8221;&#8221; hover_title=&#8221;Glacier&#8221;]This can be combined with the Golden Circle or as a separate\u00a0excursion. Also, we can arrange a trip Into The Glacier and many other activities\u00a0connected to the glaciers. From snowmobile to 4&#215;4 and everything there between, we can even get Into The Glacier.[\/vc_hoverbox][\/vc_column][vc_column width=&#8221;1\/4&#8243;][vc_hoverbox image=&#8221;6354&#8243; primary_title=&#8221;&#8221; hover_title=&#8221;Horseback Riding&#8221;]We have a few options to pick from. This can go from being a 1.5 hours rides up to 4. The Icelandic\u00a0horse is easy to ride and can fit for just about anyone, no matter your riding experience.[\/vc_hoverbox][\/vc_column][vc_column width=&#8221;1\/4&#8243;][vc_hoverbox image=&#8221;6355&#8243; primary_title=&#8221;&#8221; hover_title=&#8221;City walks&#8221;]Just want to walk around the city, not a problem we can get you a guide and they will show you the city.[\/vc_hoverbox][\/vc_column][\/vc_row][vc_row][vc_column width=&#8221;1\/2&#8243;][vc_empty_space height=&#8221;20px&#8221;][vc_custom_heading text=&#8221;At Akureyri&#8221; font_container=&#8221;tag:p|font_size:20px|text_align:center|color:%231160ab&#8221; google_fonts=&#8221;font_family:Arimo%3Aregular%2Citalic%2C700%2C700italic|font_style:400%20regular%3A400%3Anormal&#8221;][vc_empty_space height=&#8221;10px&#8221;][\/vc_column][vc_column width=&#8221;1\/2&#8243;][vc_empty_space height=&#8221;20px&#8221;][vc_custom_heading text=&#8221;In \u00cdsafj\u00f6r\u00f0ur:&#8221; font_container=&#8221;tag:p|font_size:20px|text_align:center|color:%231160ab&#8221; google_fonts=&#8221;font_family:Arimo%3Aregular%2Citalic%2C700%2C700italic|font_style:400%20regular%3A400%3Anormal&#8221;][vc_empty_space height=&#8221;10px&#8221;][\/vc_column][vc_column width=&#8221;1\/4&#8243;][vc_hoverbox image=&#8221;6358&#8243; primary_title=&#8221;&#8221; hover_title=&#8221;Whale Watching&#8221;]Located close to the pier your vessel will be docked at is the departure location of the Whale Watching. It\u00b4s only a short walk alongside the seaside and you&#8217;re there.[\/vc_hoverbox][\/vc_column][vc_column width=&#8221;1\/4&#8243;][vc_hoverbox image=&#8221;6360&#8243; primary_title=&#8221;&#8221; hover_title=&#8221;Beer Baths&#8221;]There\u00b4s this little microbrewery located 20-minute drive away from Akureyri where you can go into a Beer Bath. Unique and surreal experience, outside are hot tubs\u00a0with a one of a kind view.[\/vc_hoverbox][\/vc_column][vc_column width=&#8221;1\/4&#8243;][vc_hoverbox image=&#8221;6363&#8243; primary_title=&#8221;&#8221; hover_title=&#8221;Town Walk&#8221;]Take a walk around this wonderful little town and see what it has to offer. This is all done with a local guide to get the most out of the experience.[\/vc_hoverbox][\/vc_column][vc_column width=&#8221;1\/4&#8243;][vc_hoverbox image=&#8221;6361&#8243; primary_title=&#8221;&#8221; hover_title=&#8221;Whale Watching&#8221;]Beautiful landscape and majestic creatures short boat ride outside of \u00cdsafj\u00f6r\u00f0ur.\u00a0 Great location to go out and see the wonders the whales are.[\/vc_hoverbox][\/vc_column][\/vc_row]<\/p>\n","protected":false},"excerpt":{"rendered":"<p>[vc_row][vc_column][text_type_vc align=&#8221;center&#8221; size=&#8221;30px&#8221; typespeed=&#8221;50&#8243; backspeed=&#8221;700&#8243; loop=&#8221;false&#8221; before=&#8221;Want more &#8221; after=&#8221;for your group just contact us!&#8221;]relaxment excitement luxury landscapes dining[\/text_type_vc][\/vc_column][\/vc_row][vc_row][vc_column width=&#8221;2\/3&#8243;][vc_empty_space height=&#8221;35px&#8221;][vc_custom_heading text=&#8221;Traveling as a group?&#8221; font_container=&#8221;tag:p|font_size:25px|text_align:center|color:%231160ab&#8221; google_fonts=&#8221;font_family:Arimo%3Aregular%2Citalic%2C700%2C700italic|font_style:400%20regular%3A400%3Anormal&#8221;][vc_column_text] Contact us and get a quotation for your group while in Iceland. We offer group discounts for our scheduled tours and we can create private tours for groups who wish to explore Iceland in their own privacy. We offer any size vehicles, from compact cars to supersize buses, all based on your group&#8217;s needs and we can provide guidance in most languages. [\/vc_column_text][vc_custom_heading text=&#8221;Examples of activities you can add to the excursion:&#8221; font_container=&#8221;tag:p|font_size:25px|text_align:center|color:%231160ab&#8221; google_fonts=&#8221;font_family:Arimo%3Aregular%2Citalic%2C700%2C700italic|font_style:400%20regular%3A400%3Anormal&#8221;][tm_carousel_father effect=&#8221;true&#8221; dot=&#8221;false&#8221; speed=&#8221;3500&#8243; id=&#8221;reykjavik&#8221;][tm_carousel_son image_id=&#8221;6317&#8243; title=&#8221;Golden Circle &#8211; Horse show at Fri\u00f0heimar&#8221;][\/tm_carousel_son][tm_carousel_son image_id=&#8221;6318&#8243; title=&#8221;Golden Circle &#8211; Launch at Geysir&#8221;][\/tm_carousel_son][tm_carousel_son image_id=&#8221;6331&#8243; title=&#8221;Golden Circle &#8211; Home meade ice cream at Efstidalur&#8221;][\/tm_carousel_son][tm_carousel_son image_id=&#8221;6333&#8243; title=&#8221;Jewels of the North &#8211; Get into the Nature Baths&#8221;][\/tm_carousel_son][tm_carousel_son image_id=&#8221;6335&#8243; title=&#8221;Jewels of the North &#8211; Have launch at restaurant Kvika&#8221;][\/tm_carousel_son][\/tm_carousel_father][\/vc_column][vc_column width=&#8221;1\/3&#8243;][vc_empty_space height=&#8221;35px&#8221;][vc_custom_heading text=&#8221;Send us a message&#8221; font_container=&#8221;tag:p|font_size:25px|text_align:center|color:%231160ab&#8221; google_fonts=&#8221;font_family:Arimo%3Aregular%2Citalic%2C700%2C700italic|font_style:400%20regular%3A400%3Anormal&#8221;][\/vc_column][\/vc_row][vc_row][vc_column][vc_separator style=&#8221;dashed&#8221; border_width=&#8221;2&#8243;][vc_custom_heading text=&#8221;Few examples of excursions we can arrange for groups:&#8221; font_container=&#8221;tag:p|font_size:25px|text_align:center&#8221; google_fonts=&#8221;font_family:Arimo%3Aregular%2Citalic%2C700%2C700italic|font_style:400%20regular%3A400%3Anormal&#8221;][\/vc_column][\/vc_row][vc_row][vc_column][vc_empty_space height=&#8221;20px&#8221;][vc_custom_heading text=&#8221;In Reykjav\u00edk:&#8221; font_container=&#8221;tag:p|font_size:20px|text_align:center|color:%231160ab&#8221; google_fonts=&#8221;font_family:Arimo%3Aregular%2Citalic%2C700%2C700italic|font_style:400%20regular%3A400%3Anormal&#8221;][vc_empty_space height=&#8221;10px&#8221;][\/vc_column][vc_column width=&#8221;1\/4&#8243;][vc_hoverbox image=&#8221;6346&#8243; primary_title=&#8221;&#8221; hover_title=&#8221;Whale Watching&#8221;]Located close to the city center are the departure location for the Whale Watching. You can often get them combined with other tours to use your time the best.[\/vc_hoverbox][\/vc_column][vc_column width=&#8221;1\/4&#8243;][vc_hoverbox image=&#8221;6353&#8243; primary_title=&#8221;&#8221; hover_title=&#8221;Glacier&#8221;]This can be combined with the Golden Circle or as a separate\u00a0excursion. Also, we can arrange a trip Into The Glacier and many other activities\u00a0connected to the glaciers. From snowmobile to 4&#215;4 and everything there between, we can even get Into The Glacier.[\/vc_hoverbox][\/vc_column][vc_column width=&#8221;1\/4&#8243;][vc_hoverbox image=&#8221;6354&#8243; primary_title=&#8221;&#8221; hover_title=&#8221;Horseback Riding&#8221;]We have a few options to pick from. This can go from being a 1.5 hours rides up to 4. The Icelandic\u00a0horse is easy to ride and can fit for just about anyone, no matter your riding experience.[\/vc_hoverbox][\/vc_column][vc_column width=&#8221;1\/4&#8243;][vc_hoverbox image=&#8221;6355&#8243; primary_title=&#8221;&#8221; hover_title=&#8221;City walks&#8221;]Just want to walk around the city, not a problem we can get you a guide and they will show you the city.[\/vc_hoverbox][\/vc_column][\/vc_row][vc_row][vc_column width=&#8221;1\/2&#8243;][vc_empty_space height=&#8221;20px&#8221;][vc_custom_heading text=&#8221;At Akureyri&#8221; font_container=&#8221;tag:p|font_size:20px|text_align:center|color:%231160ab&#8221; google_fonts=&#8221;font_family:Arimo%3Aregular%2Citalic%2C700%2C700italic|font_style:400%20regular%3A400%3Anormal&#8221;][vc_empty_space height=&#8221;10px&#8221;][\/vc_column][vc_column width=&#8221;1\/2&#8243;][vc_empty_space height=&#8221;20px&#8221;][vc_custom_heading text=&#8221;In \u00cdsafj\u00f6r\u00f0ur:&#8221; font_container=&#8221;tag:p|font_size:20px|text_align:center|color:%231160ab&#8221; google_fonts=&#8221;font_family:Arimo%3Aregular%2Citalic%2C700%2C700italic|font_style:400%20regular%3A400%3Anormal&#8221;][vc_empty_space height=&#8221;10px&#8221;][\/vc_column][vc_column width=&#8221;1\/4&#8243;][vc_hoverbox image=&#8221;6358&#8243; primary_title=&#8221;&#8221; hover_title=&#8221;Whale Watching&#8221;]Located close to the pier your vessel will be docked at is the departure location of the Whale Watching. It\u00b4s only a short walk alongside the seaside and you&#8217;re there.[\/vc_hoverbox][\/vc_column][vc_column width=&#8221;1\/4&#8243;][vc_hoverbox image=&#8221;6360&#8243; primary_title=&#8221;&#8221; hover_title=&#8221;Beer Baths&#8221;]There\u00b4s this little microbrewery located 20-minute drive away from Akureyri where you can go into a Beer Bath. Unique and surreal experience, outside are hot tubs\u00a0with a one of a kind view.[\/vc_hoverbox][\/vc_column][vc_column width=&#8221;1\/4&#8243;][vc_hoverbox image=&#8221;6363&#8243; primary_title=&#8221;&#8221; hover_title=&#8221;Town Walk&#8221;]Take a walk around this wonderful little town and see what it has to offer. This is all done with a local guide to get the most out of the experience.[\/vc_hoverbox][\/vc_column][vc_column width=&#8221;1\/4&#8243;][vc_hoverbox image=&#8221;6361&#8243; primary_title=&#8221;&#8221; hover_title=&#8221;Whale Watching&#8221;]Beautiful landscape and majestic creatures short boat ride outside of \u00cdsafj\u00f6r\u00f0ur.\u00a0 Great location to go out and see the wonders the whales are.[\/vc_hoverbox][\/vc_column][\/vc_row]<\/p>\n","protected":false},"author":3,"featured_media":0,"parent":0,"menu_order":30,"comment_status":"closed","ping_status":"open","template":"","meta":{"content-type":"","footnotes":""},"class_list":["post-5618","page","type-page","status-publish","hentry"],"yoast_head":"<!-- This site is optimized with the Yoast SEO plugin v27.3 - https:\/\/yoast.com\/product\/yoast-seo-wordpress\/ -->\n<title>Tailor made excursion, ships side pickup and return<\/title>\n<meta name=\"description\" content=\"We can tailor make the trip you dream of. it does not matter if it\u00b4s wine and dining or a Quad bike in the middle of nowhere or even going into a glacier!\" \/>\n<meta name=\"robots\" content=\"index, follow, max-snippet:-1, max-image-preview:large, max-video-preview:-1\" \/>\n<link rel=\"canonical\" href=\"https:\/\/shorexiceland.is\/wordpress\/groups\/\" \/>\n<meta property=\"og:locale\" content=\"en_US\" \/>\n<meta property=\"og:type\" content=\"article\" \/>\n<meta property=\"og:title\" content=\"Tailor made excursion, ships side pickup and return\" \/>\n<meta property=\"og:description\" content=\"We can tailor make the trip you dream of. it does not matter if it\u00b4s wine and dining or a Quad bike in the middle of nowhere or even going into a glacier!\" \/>\n<meta property=\"og:url\" content=\"https:\/\/shorexiceland.is\/wordpress\/groups\/\" \/>\n<meta property=\"og:site_name\" content=\"My CMS\" \/>\n<meta property=\"article:publisher\" content=\"https:\/\/www.facebook.com\/shorexiceland\" \/>\n<meta property=\"article:modified_time\" content=\"2018-02-21T12:30:47+00:00\" \/>\n<meta name=\"twitter:card\" content=\"summary_large_image\" \/>\n<meta name=\"twitter:site\" content=\"@ShorexIceland\" \/>\n<meta name=\"twitter:label1\" content=\"Est. reading time\" \/>\n\t<meta name=\"twitter:data1\" content=\"5 minutes\" \/>\n<script type=\"application\/ld+json\" class=\"yoast-schema-graph\">{\"@context\":\"https:\\\/\\\/schema.org\",\"@graph\":[{\"@type\":\"WebPage\",\"@id\":\"https:\\\/\\\/shorexiceland.is\\\/wordpress\\\/groups\\\/\",\"url\":\"https:\\\/\\\/shorexiceland.is\\\/wordpress\\\/groups\\\/\",\"name\":\"Tailor made excursion, ships side pickup and return\",\"isPartOf\":{\"@id\":\"https:\\\/\\\/shorexiceland.is\\\/wordpress\\\/#website\"},\"datePublished\":\"2015-04-01T13:46:07+00:00\",\"dateModified\":\"2018-02-21T12:30:47+00:00\",\"description\":\"We can tailor make the trip you dream of. it does not matter if it\u00b4s wine and dining or a Quad bike in the middle of nowhere or even going into a glacier!\",\"breadcrumb\":{\"@id\":\"https:\\\/\\\/shorexiceland.is\\\/wordpress\\\/groups\\\/#breadcrumb\"},\"inLanguage\":\"en-US\",\"potentialAction\":[{\"@type\":\"ReadAction\",\"target\":[\"https:\\\/\\\/shorexiceland.is\\\/wordpress\\\/groups\\\/\"]}]},{\"@type\":\"BreadcrumbList\",\"@id\":\"https:\\\/\\\/shorexiceland.is\\\/wordpress\\\/groups\\\/#breadcrumb\",\"itemListElement\":[{\"@type\":\"ListItem\",\"position\":1,\"name\":\"Home\",\"item\":\"https:\\\/\\\/shorexiceland.is\\\/wordpress\\\/\"},{\"@type\":\"ListItem\",\"position\":2,\"name\":\"Groups &#038; Private Tours\"}]},{\"@type\":\"WebSite\",\"@id\":\"https:\\\/\\\/shorexiceland.is\\\/wordpress\\\/#website\",\"url\":\"https:\\\/\\\/shorexiceland.is\\\/wordpress\\\/\",\"name\":\"My CMS\",\"description\":\"Iceland Shore Excursions\",\"potentialAction\":[{\"@type\":\"SearchAction\",\"target\":{\"@type\":\"EntryPoint\",\"urlTemplate\":\"https:\\\/\\\/shorexiceland.is\\\/wordpress\\\/?s={search_term_string}\"},\"query-input\":{\"@type\":\"PropertyValueSpecification\",\"valueRequired\":true,\"valueName\":\"search_term_string\"}}],\"inLanguage\":\"en-US\"}]}<\/script>\n<!-- \/ Yoast SEO plugin. -->","yoast_head_json":{"title":"Tailor made excursion, ships side pickup and return","description":"We can tailor make the trip you dream of. it does not matter if it\u00b4s wine and dining or a Quad bike in the middle of nowhere or even going into a glacier!","robots":{"index":"index","follow":"follow","max-snippet":"max-snippet:-1","max-image-preview":"max-image-preview:large","max-video-preview":"max-video-preview:-1"},"canonical":"https:\/\/shorexiceland.is\/wordpress\/groups\/","og_locale":"en_US","og_type":"article","og_title":"Tailor made excursion, ships side pickup and return","og_description":"We can tailor make the trip you dream of. it does not matter if it\u00b4s wine and dining or a Quad bike in the middle of nowhere or even going into a glacier!","og_url":"https:\/\/shorexiceland.is\/wordpress\/groups\/","og_site_name":"My CMS","article_publisher":"https:\/\/www.facebook.com\/shorexiceland","article_modified_time":"2018-02-21T12:30:47+00:00","twitter_card":"summary_large_image","twitter_site":"@ShorexIceland","twitter_misc":{"Est. reading time":"5 minutes"},"schema":{"@context":"https:\/\/schema.org","@graph":[{"@type":"WebPage","@id":"https:\/\/shorexiceland.is\/wordpress\/groups\/","url":"https:\/\/shorexiceland.is\/wordpress\/groups\/","name":"Tailor made excursion, ships side pickup and return","isPartOf":{"@id":"https:\/\/shorexiceland.is\/wordpress\/#website"},"datePublished":"2015-04-01T13:46:07+00:00","dateModified":"2018-02-21T12:30:47+00:00","description":"We can tailor make the trip you dream of. it does not matter if it\u00b4s wine and dining or a Quad bike in the middle of nowhere or even going into a glacier!","breadcrumb":{"@id":"https:\/\/shorexiceland.is\/wordpress\/groups\/#breadcrumb"},"inLanguage":"en-US","potentialAction":[{"@type":"ReadAction","target":["https:\/\/shorexiceland.is\/wordpress\/groups\/"]}]},{"@type":"BreadcrumbList","@id":"https:\/\/shorexiceland.is\/wordpress\/groups\/#breadcrumb","itemListElement":[{"@type":"ListItem","position":1,"name":"Home","item":"https:\/\/shorexiceland.is\/wordpress\/"},{"@type":"ListItem","position":2,"name":"Groups &#038; Private Tours"}]},{"@type":"WebSite","@id":"https:\/\/shorexiceland.is\/wordpress\/#website","url":"https:\/\/shorexiceland.is\/wordpress\/","name":"My CMS","description":"Iceland Shore Excursions","potentialAction":[{"@type":"SearchAction","target":{"@type":"EntryPoint","urlTemplate":"https:\/\/shorexiceland.is\/wordpress\/?s={search_term_string}"},"query-input":{"@type":"PropertyValueSpecification","valueRequired":true,"valueName":"search_term_string"}}],"inLanguage":"en-US"}]}},"_links":{"self":[{"href":"https:\/\/shorexiceland.is\/wordpress\/wp-json\/wp\/v2\/pages\/5618","targetHints":{"allow":["GET"]}}],"collection":[{"href":"https:\/\/shorexiceland.is\/wordpress\/wp-json\/wp\/v2\/pages"}],"about":[{"href":"https:\/\/shorexiceland.is\/wordpress\/wp-json\/wp\/v2\/types\/page"}],"author":[{"embeddable":true,"href":"https:\/\/shorexiceland.is\/wordpress\/wp-json\/wp\/v2\/users\/3"}],"replies":[{"embeddable":true,"href":"https:\/\/shorexiceland.is\/wordpress\/wp-json\/wp\/v2\/comments?post=5618"}],"version-history":[{"count":79,"href":"https:\/\/shorexiceland.is\/wordpress\/wp-json\/wp\/v2\/pages\/5618\/revisions"}],"predecessor-version":[{"id":6523,"href":"https:\/\/shorexiceland.is\/wordpress\/wp-json\/wp\/v2\/pages\/5618\/revisions\/6523"}],"wp:attachment":[{"href":"https:\/\/shorexiceland.is\/wordpress\/wp-json\/wp\/v2\/media?parent=5618"}],"curies":[{"name":"wp","href":"https:\/\/api.w.org\/{rel}","templated":true}]}}